 z*x - 227. What are the prime factors of x?
11
Suppose -3*z + 5*w = -5020, -2*z + 3334 = -w + 4*w. What are the prime factors of z?
2, 5, 167
Let o(j) = j - 1. Let h be o(-1). List the prime factors of -1 + 1*(33 + h).
2, 3, 5
Suppose 0 = 5*l + 25, 2*c - 3295 = l + 232. What are the prime factors of c?
3, 587
Suppose -5*a - 4*p + 10 = -7*p, 45 = 4*a + 5*p. Suppose 0 = k - a*k. Suppose k = -4*w + 2*w + 54. List the prime factors of w.
3
Suppose -y + 500 = -6*y. Suppose 4*p + 4*j + 216 = 0, 5*j - 41 = -3*p - 193. Let t = p - y. List the prime factors of t.
41
Let g(b) = -668*b + 203. What are the prime factors of g(-2)?
3, 19
Let h = 399 + -206. What are the prime factors of h?
193
Suppose -2*n + 910 = 5*q - 738, 2*q + 2*n = 658. Let b = q + -129. Suppose -b = 3*l - 6*l. What are the prime factors of l?
67
Let c = 250 - -354. What are the prime factors of c?
2, 151
Let u = -23 + 24. List the prime factors of 3 + (u - (-29 + -3)).
2, 3
Let y(i) = i**3 + 10*i**2 - i + 6. Let z be y(-10). Suppose -20*x = -z*x - 508. What are the prime factors of x?
127
Suppose 159*y + 19980 = 177*y. What are the prime factors of y?
2, 3, 5, 37
Let f(l) = l + 7 + l**3 + 0*l**2 - 2*l**2 + l**2 - 2*l**2. What are the prime factors of f(3)?
2, 5
Suppose 4*b - 1350 = -246. Suppose 2*s = 6*s - b. What are the prime factors of s?
3, 23
Let y(m) = -1. Let g(l) = -3*l + 21. Let u(x) = -g(x) - 15*y(x). Let o be u(3). Suppose 0 = o*a - 8 - 7. What are the prime factors of a?
5
Let w(f) = 4 + 17*f**2 + 0 - 6 + 1 + 4*f. List the prime factors of w(2).
3, 5
Suppose -12*l + 11*l + 3750 = -2*b, 3*b + 7496 = 2*l. List the prime factors of l.
2, 1871
Let x be 1*(3 + (0 - 97)). Let w = -65 - x. Let k = w + 8. List the prime factors of k.
37
Suppose -8*j - 4*c - 7232 = -10*j, 3*j = 5*c + 10853. List the prime factors of j.
2, 7, 37
Suppose -3*m + q + 216 = 0, -6*m - 5*q = -3*m - 234. Let g = m - 42. List the prime factors of g.
31
Suppose -o = o. Let t(x) = x**2 + x - 5. Let z be t(o). Let f(g) = -g**3 - 4*g**2 + 2*g. List the prime factors of f(z).
3, 5
Let w = 241 + -116. Let q = 5 + w. Suppose -3*n - 2*n = -q. List the prime factors of n.
2, 13
What are the prime factors of (-28545)/(-75) - 6/(-15)?
3, 127
Let k(z) = -56*z + 81. List the prime factors of k(-7).
11, 43
Let h = 22 + -34. Let q be 68/24 - 2/h. Suppose 27 = 4*f - q*g, 3*g = -2*f - 2*g - 19. List the prime factors of f.
3
Let i = -12 - -18. Suppose 0*a + i*a - 1020 = 0. What are the prime factors of a?
2, 5, 17
Suppose 0 = -7*f + 414 + 1070. List the prime factors of f.
2, 53
Let l = 7 + -12. Let x(p) = p**2 + 5*p. Let a be x(l). What are the prime factors of 7 - (-2 - -2) - a?
7
Suppose 471*p = 464*p + 539. What are the prime factors of p?
7, 11
Let n(t) = 1 + 5 - 12*t + 6. Let g be n(-9). Suppose 7*z = 3*z + g. What are the prime factors of z?
2, 3, 5
Let o(l) = l**2 - 1. Let x(w) = 4*w**2 - 14*w - 14. Let z(u) = 5*o(u) - x(u). Let r be z(-10). Let i = 52 + r. List the prime factors of i.
3, 7
Let w(n) = n**2 + 22*n + 6. What are the prime factors of w(-23)?
29
Suppose 2*j - 624 = 258. List the prime factors of j.
3, 7
Suppose 55 = -9*r + 298. List the prime factors of r.
3
Suppose 1 = -5*s + 4*s. Let c be (5/10)/(s/(-10)). Suppose 2*r - 4*r = 3*v - 55, 0 = c*v - r - 83. What are the prime factors of v?
17
Suppose -10*y + 4 = -8*y, -5*p = -2*y - 881. Suppose -p + 1849 = 11*j. What are the prime factors of j?
2, 19
Let c(h) be the third derivative of 17*h**5/60 + 11*h**4/24 + 4*h**3/3 + h**2. What are the prime factors of c(-4)?
2, 59
Suppose -4*l - n + 7 + 6 = 0, 4*l - n = 3. Suppose p - k = -38 - 13, -5*p - l*k = 248. Let b = 77 + p. List the prime factors of b.
3
Let g be (-4)/(-18) + 131166/243. Suppose 0 = -3*f + 5*s - 25 + g, 710 = 4*f + 5*s. What are the prime factors of f?
5, 7
Let x = -1311 + 2193. What are the prime factors of x?
2, 3, 7
Let n = 7139 + -4514. List the prime factors of n.
3, 5, 7
Suppose -4*g - 3*i + 8128 = 0, -i + 2156 = g + 125. What are the prime factors of g?
5, 11, 37
Let d = 507 - -512. What are the prime factors of d?
1019
Let v(q) = 3*q - 15. Let o be v(3). List the prime factors of ((-28)/o)/((-14)/(-189)).
3, 7
Let w = 8280 + -5379. What are the prime factors of w?
3, 967
Suppose 2*m - 16 = -6*m. List the prime factors of (-1590)/(-18) - m/6.
2, 11
Suppose -4*z = 4*g - 3954 + 986, 4*z + 8 = 0. What are the prime factors of g?
2, 3, 31
Suppose -2*s - s + 113 = r, 0 = 4*s - 2*r - 134. Let c be 3/(-9) - s/(-27). List the prime factors of ((-280)/(-7 - -3))/c.
2, 5, 7
Suppose -z + 2*d - 5*d = -200, 2*d - 8 = 0. Let b = z + -94. List the prime factors of b.
2, 47
Suppose 29 = 3*o - 3*l - 2*l, -2*o + 5*l + 21 = 0. Let r = o + -6. Suppose x - 63 = -r*x. What are the prime factors of x?
3, 7
Let d(r) = -2*r - 9. Let x be d(-13). Let l = x + -8. Let v(i) = i**2 - 5*i + 1. List the prime factors of v(l).
37
Suppose 18*b - 78 = 4386. What are the prime factors of b?
2, 31
Let a be -1 - -1 - (-2 - 1). Let w = 7 - a. Suppose 5*p = -w*v + 89, v - 20 = -2*p + 3*p. List the prime factors of v.
3, 7
Let z(m) = -m**3 + 9*m**2 - 5*m - 16. Let a be z(8). List the prime factors of (-3)/6 + 276/a.
2, 17
Let r = -6 - -9. Let b = 18 - 12. Let h = b - r. List the prime factors of h.
3
Suppose 5*t = -5*o + 1125, 258 = 2*o - 3*t - 177. What are the prime factors of o?
2, 3, 37
Suppose -3*h = -5*d - 4*h + 75, -3*d + 2*h = -58. Let c be (d + -17)/(1/(-23)). Let l = 48 - c. What are the prime factors of l?
5
Let d = -7289 - -10675. What are the prime factors of d?
2, 1693
Suppose -5*h + 55 = 5*q, -2*q - 5*h = -7 - 30. List the prime factors of (-10)/15 + 142/q.
23
Suppose 3*n = -n + 5*m + 699, 4*m + 696 = 4*n. Suppose -219 = -6*v + n. List the prime factors of v.
5, 13
What are the prime factors of (-6858)/(-5) + 3/(-5)?
3, 457
Suppose -5*g - 3*p + 38 = 0, g = -g + 5*p + 40. Let z(k) = 2*k**2 - 13*k + 3. What are the prime factors of z(g)?
73
Let i(h) = -74*h - 1. Let j be i(1). List the prime factors of 5/(j/(-6)) - 2312/(-20).
2, 29
Let x(r) = -13*r + 213. List the prime factors of x(-18).
3, 149
Let s(g) = 1 + 4 + 0 + 6 - g**2 + 7*g. Let t be s(8). Suppose 0 = -t*k + 172 + 8. List the prime factors of k.
2, 3, 5
Suppose 390 + 150 = 5*v. Let k = v + -51. List the prime factors of k.
3, 19
Let a(q) = 36*q - 48. Let o(l) = -9*l + 13. Let m(n) = 6*a(n) + 22*o(n). Let j = 4 + -3. List the prime factors of m(j).
2
Let s(v) = 24*v**2 - 26*v - 123. List the prime factors of s(-8).
1621
Let n(z) = 63*z**2 - z + 2. Let p(f) = f**3 + 18*f**2 + f + 19. Let i be p(-18). List the prime factors of n(i).
2
Suppose 42*l = -28*l + 27510. What are the prime factors of l?
3, 131
Suppose -u = -2*u. Suppose 4*b - z - 152 = -0*z, -5*b - 5*z + 215 = u. List the prime factors of b.
3, 13
Suppose -10*w - 24 = -16*w. Suppose -3*c = 2*c - 10. Suppose w*t - 60 = c*t. List the prime factors of t.
2, 3, 5
Suppose 3*p + 12 = 0, 0 = -9*i + 4*i - p + 221. List the prime factors of i.
3, 5
Let z = -13 - -17. Suppose d - 9 = -2*d, 2*p = z*d + 88. Let f = 14 + p. What are the prime factors of f?
2
Let t = -327 - -780. What are the prime factors of t?
3, 151
Let g(f) = 21*f**2 + 40*f + 8. List the prime factors of g(5).
733
Suppose 2*z + 25 - 2723 = 0. List the prime factors of z.
19, 71
Suppose 992*i = 985*i + 2422. What are the prime factors of i?
2, 173
Suppose 0 = -4*w - 3*k + 3528, 3*w + 12*k = 17*k + 2617. What are the prime factors of w?
3, 293
Suppose 4*z + 5*v - 56 = 0, -z - 35 = -4*z - 2*v. Let u = 7 + -3. Suppose 30 = z*m - u*m. What are the prime factors of m?
2, 3
Suppose -5*l + 8*z + 722 = 4*z, 3*l - 441 = 5*z. What are the prime factors of l?
2, 71
Suppose 0 = -2*u - u. Suppose 0*k - 3*k = u. Suppose -4*j + 79 + 37 = k. What are the prime factors of j?
29
What are the prime factors of (1225/(-7))/((-1)/2)?
2, 5, 7
Let b be (-17 - -21) + 0 + 288. What are the prime factors of b/16 + (-3)/(-4)?
19
Suppose 6*l - 1281 = 171. Let z = l + -141. What are the prime factors of z?
101
Suppose v - 5075 = -2*y, -46*y + 47*y + 3*v - 2530 = 0. List the prime factors of y.
2539
Let n be (-8)/(-6) + 15/9. Let a(b) = -5*b + 18. What are the prime factors of a(n)?
3
Let q = 23 + 15. Suppose 35*r + 96 = q*r. List the prime factors of r.
2
Suppos